{"id":913,"date":"2021-02-17T10:20:29","date_gmt":"2021-02-17T09:20:29","guid":{"rendered":"https:\/\/www.diebasis-lahn-dill.de\/?page_id=913"},"modified":"2021-03-08T20:09:18","modified_gmt":"2021-03-08T19:09:18","slug":"die-frage-nach-unseren-inhalten","status":"publish","type":"page","link":"https:\/\/www.diebasis-lahn-dill.de\/?page_id=913","title":{"rendered":"Die Frage nach unseren Inhalten"},"content":{"rendered":"\n<p>Die derzeitige repr\u00e4sentative Demokratie vertritt schon lange nicht mehr die Interessen der B\u00fcrger und f\u00fchrt seit Jahren zur Versch\u00e4rfung der gesellschaftlichen Probleme und zur allgemeinen Parteiverdrossenheit und Resignation.<\/p>\n\n\n\n<p><strong>Es wird Zeit, die Menschen mehr in die Politik mit einzubeziehen und in einen stetigen Dialog mit der Bev\u00f6lkerung zu treten.<\/strong><\/p>\n\n\n\n<p>Unser Konzept zur Entwicklung des Parteiprogramms unterscheidet sich deutlich von allen anderen Parteien.<\/p>\n\n\n\n<p><strong>Die Basis selbst, das hei\u00dft wir alle sind es, die die Inhalte liefern!<\/strong><\/p>\n\n\n\n<p>In wichtige Entscheidungen wollen wir die B\u00fcrger mehr einbeziehen. Zu diesem Zweck wollen wir leicht anzuwendende Verfahren f\u00fcr Volksentscheide und Abstimmungen einf\u00fchren. Wichtige Weichenstellungen im Bildungssystem, Reformierungen des Gesundheitssystems, &nbsp;die Rundfunkgeb\u00fchren, die Art der Energiegewinnung,&nbsp; die grundlegende Richtung in der Au\u00dfenpolitik und der EU, der Einsatz von Pestiziden in der Landwirtschaft, Migrationsfragen oder die Erneuerung unseres Arbeits- und Soziallebens u.v.m. betrifft uns alle, hier m\u00f6chten wir den B\u00fcrger st\u00e4rker in die Entscheidung reinnehmen. Denn die Erfahrung zeigt uns, dass vor der Wahl gegebene Versprechungen oft nicht gehalten werden bzw. sich innerhalb der Legislaturperiode neue Sachverhalte ergeben, die ohne Befragung des B\u00fcrgers dann entschieden werden m\u00fcssen.<\/p>\n\n\n\n<p><strong>Nur wer angemessen<\/strong>&nbsp;informiert ist, kann gute Entscheidungen treffen! Die Aufkl\u00e4rung der Bev\u00f6lkerung in allen Belangen und Bereichen muss barriere- und zensurfrei m\u00f6glich sein. Dazu ben\u00f6tigen wir u.a. eine unabh\u00e4ngige Medienlandschaft.<\/p>\n\n\n\n<p><strong>Wir arbeiten <\/strong>an Systemen und Tools, in denen eine offene, l\u00f6sungsorientierte und vielseitige Diskussionskultur m\u00f6glich ist, an der JEDER teilnehmen kann. Die politische Willensbildung geschieht somit transparent und ohne jegliche Vorenthaltung von Informationen.<\/p>\n\n\n\n<p><strong>Wir geben Ihnen Ihre Stimme zur\u00fcck!<\/strong><\/p>\n\n\n\n<p><strong>Wer liefert die Inhalte f\u00fcr unser Programm? <\/strong>Das sind wir alle, eben die Basis, fortlaufend, unentwegt und ganz und gar mit dem Wandel der Zeit.<\/p>\n\n\n\n<p><strong>Wir alle sind die Basis, Sie als B\u00fcrger auch!<\/strong><\/p>\n\n\n\n<p><strong>F\u00fcr den Landkreis Limburg Weilburg bedeutet das konkret:<\/strong><\/p>\n\n\n\n<p>Wir werden eine Plattform zur Verf\u00fcgung stellen, mit der wir die Kreistagsentscheidungen transparent dem interessierten B\u00fcrger zur Kenntnis bringen.<\/p>\n\n\n\n<p>Diese Plattform soll gleichzeitig der Diskussion \/ der Abstimmung mit Ihnen \u2013 dem B\u00fcrger \u2013 dienen und uns kontinuierlich zeigen, wo Ihre Sorgen und N\u00f6te sind. Sie beteiligen sich aktiv am Parteiprogramm und gemeinsam nutzen wir die Schwarmintelligenz.<\/p>\n\n\n\n<p>Viele Mitmenschen sorgen sich gerade jetzt in der Coronakrise um den Erhalt ihres Arbeitsplatzes und f\u00fcrchten einen sozialen Abstieg. Exemplarisch sei hier die geplante Schlie\u00dfung der Vitos Klinik f\u00fcr Neurologie in Weilm\u00fcnster genannt. Die coronabedingten&nbsp; finanziellen Einbr\u00fcche im letzten Jahr werden vom Rettungsschirm nun nicht mehr aufgefangen. Neben dem Verlust der Arbeitspl\u00e4tze ist hier auch die fl\u00e4chendeckende Krankenhausversorgung zu bedenken. Wir brauchen Konzepte zum Erhalt und zur Schaffung von Arbeitspl\u00e4tzen und wir ben\u00f6tigen eine gut aufgestellte Gesundheitsversorgung.&nbsp;&nbsp;&nbsp;&nbsp;<\/p>\n\n\n\n<p>Eltern sorgen sich um die Entwicklung und Bildung ihrer Kinder, im letzten Jahr haben sich hier erhebliche L\u00fccken und Defizite ergeben. Kinder- und Jugend\u00e4rzte schlagen Alarm, wie unsere Kinder in der Krise leiden. Wir brauchen dringend L\u00f6sungen, wie wir dies alles auffangen k\u00f6nnen.&nbsp;<\/p>\n\n\n\n<p>Wir freuen uns auf regen Austausch mit Ihnen!<\/p>\n","protected":false},"excerpt":{"rendered":"<p>Die derzeitige repr\u00e4sentative Demokratie vertritt schon lange nicht mehr die Interessen der B\u00fcrger und f\u00fchrt seit Jahren zur Versch\u00e4rfung der gesellschaftlichen Probleme und zur allgemeinen Parteiverdrossenheit und Resignation. Es wird Zeit, die Menschen mehr in die Politik mit einzubeziehen und in einen stetigen Dialog mit der &hellip; <\/p>\n<p><a href=\"https:\/\/www.diebasis-lahn-dill.de\/?page_id=913\" class=\"more-link\"><span class=\"morelink-icon\">Weiterlesen<\/span><\/a><\/p>\n","protected":false},"author":13,"featured_media":0,"parent":0,"menu_order":0,"comment_status":"closed","ping_status":"closed","template":"page-templates\/full-width.php","meta":{"footnotes":""},"class_list":["post-913","page","type-page","status-publish","hentry"],"_links":{"self":[{"href":"https:\/\/www.diebasis-lahn-dill.de\/index.php?rest_route=\/wp\/v2\/pages\/913","targetHints":{"allow":["GET"]}}],"collection":[{"href":"https:\/\/www.diebasis-lahn-dill.de\/index.php?rest_route=\/wp\/v2\/pages"}],"about":[{"href":"https:\/\/www.diebasis-lahn-dill.de\/index.php?rest_route=\/wp\/v2\/types\/page"}],"author":[{"embeddable":true,"href":"https:\/\/www.diebasis-lahn-dill.de\/index.php?rest_route=\/wp\/v2\/users\/13"}],"replies":[{"embeddable":true,"href":"https:\/\/www.diebasis-lahn-dill.de\/index.php?rest_route=%2Fwp%2Fv2%2Fcomments&post=913"}],"version-history":[{"count":1,"href":"https:\/\/www.diebasis-lahn-dill.de\/index.php?rest_route=\/wp\/v2\/pages\/913\/revisions"}],"predecessor-version":[{"id":914,"href":"https:\/\/www.diebasis-lahn-dill.de\/index.php?rest_route=\/wp\/v2\/pages\/913\/revisions\/914"}],"wp:attachment":[{"href":"https:\/\/www.diebasis-lahn-dill.de\/index.php?rest_route=%2Fwp%2Fv2%2Fmedia&parent=913"}],"curies":[{"name":"wp","href":"https:\/\/api.w.org\/{rel}","templated":true}]}}